= 4*y - 13 + 5. Let m(z) = z + z + 1 + z. What are the prime factors of m(y)?
7
Suppose 0 = x - 3*x - 5*m + 67, -4 = -4*m. List the prime factors of x.
31
What are the prime factors of 10/(-15)*-255 - 1?
13
Suppose t - 72 = 2*t. List the prime factors of (-4)/18 - 1312/t.
2, 3
Let o(r) be the third derivative of r**7/120 + r**6/180 - r**4/24 - r**3/3 - r**2. Let p(i) be the first derivative of o(i). List the prime factors of p(1).
2
Let t(d) = d**2 - 6*d + 4. Let i be t(6). Suppose -j + i*j - 81 = 0. Let l = 41 - j. List the prime factors of l.
2, 7
Let q = 93 + -61. Let w = q - 6. List the prime factors of w.
2, 13
Let w(h) = -h - 4. Let m be w(-9). Suppose -4*c - 5*b = 3 + 6, m*c = -3*b + 5. What are the prime factors of c?
2
Let i(q) = 2*q - 8*q - 6*q - 2. What are the prime factors of i(-2)?
2, 11
Let s = 11 - -49. List the prime factors of s.
2, 3, 5
Suppose 10*m = 178 + 1392. List the prime factors of m.
157
Suppose 4*k + 11 = j - 0*k, 5*j - 2*k - 19 = 0. Suppose x = -s + 20, j*x = -5*s - 0*x + 90. List the prime factors of s.
3, 5
Suppose h = b - 10, -4*b = -h - 9 - 10. Let a = 11 + h. Suppose 0 = 3*k - a - 14. List the prime factors of k.
2, 3
Suppose -q + a - 29 - 11 = 0, -5*a - 120 = 3*q. Suppose 0 = -r + 67 - 8. Let s = r + q. List the prime factors of s.
19
List the prime factors of ((-2)/8)/((-2)/344).
43
Let f(u) = u + 1. Let c(z) = -7*z - 3. Let l(d) = c(d) + 5*f(d). Let s = -36 + 30. What are the prime factors of l(s)?
2, 7
Suppose 4*q - q = 12. Suppose 0 = 5*f + 20, -3*i - q*f = -0*i + 4. Let r = i + 5. List the prime factors of r.
3
Let x(z) = z**3 + 2*z**2 + 7*z - 7. List the prime factors of x(5).
7, 29
Let f(m) = 6*m + 10. Let q be f(-15). What are the prime factors of (q/25)/(2/(-30))?
2, 3
Let o(p) = 3*p + 1. Let f be (-25)/(-20) + (-3)/(-4). List the prime factors of o(f).
7
What are the prime factors of 10 - (0 - 0)/(-3)?
2, 5
Let y = 4 + 7. What are the prime factors of y?
11
Let w(p) = 24*p**3 + 3*p - 5. What are the prime factors of w(2)?
193
Let p(n) = -2*n**2 - 2*n + 1. Let s be p(4). Let u = s - -78. List the prime factors of u.
3, 13
Let l(g) = -g + 2. Suppose 4*u - 13 = -53. What are the prime factors of l(u)?
2, 3
Suppose 0 = -j - 2*g + 47, -3*g - 53 - 19 = -j. List the prime factors of j.
3, 19
Suppose -2*z = -3*z + 5*k - 24, -2*k + 10 = 0. Let g(y) = 10*y**2 + 2*y - 1. What are the prime factors of g(z)?
11
Let w(s) = -3 + 4*s - s - 1. Let n be w(6). Suppose -3*q + 10 = -n. List the prime factors of q.
2
Let m be 6/9 - (-322)/3. Let f(c) = c - 1. Let z be f(5). What are the prime factors of m/11 - z/(-22)?
2, 5
Suppose -f = -4*u - 39, 3 = 2*f + 13. Let s = u + 20. List the prime factors of s.
3
Suppose 0 = -5*g + 4*d + 60, -4*g + 51 - 3 = 2*d. Let k = g + -1. What are the prime factors of k?
11
Suppose 0 = -3*l + 223 - 46. What are the prime factors of l?
59
Suppose r - 219 = -0*r. List the prime factors of r.
3, 73
Suppose -4*k = -2*l + 44, 0 = -5*l - 6*k + 3*k + 136. List the prime factors of l.
2, 13
Suppose 0 = -5*a + 3*d + 714 + 807, -12 = -4*d. List the prime factors of a.
2, 3, 17
Suppose -2*s + 163 + 55 = 0. What are the prime factors of s?
109
Let r(u) = u + 9. Let j be r(-7). Suppose j*i + 5*f = 87, -3*i + 118 = -0*i + 5*f. What are the prime factors of i?
31
Let y(w) = -w - 4. Let f be y(-4). Let o be (54 + 0)/(f - 1). List the prime factors of (6/9)/((-4)/o).
3
Let l(c) = 3*c**2 - 3*c. Suppose 0 = -4*q, z + 4*q + 3 = 2*z. What are the prime factors of l(z)?
2, 3
Suppose 0 = -t + 4*q, 5*t - q = 3*q - 16. Let w(b) = -3*b - 6. Let x be w(t). Let j(k) = k + 8. What are the prime factors of j(x)?
2, 7
Let z = 5 - -19. What are the prime factors of z?
2, 3
Suppose 3*z + 0*z = -5*i - 3, 2*i = 5*z + 5. Suppose i = -4*d + 12 - 4. What are the prime factors of d?
2
Let t(m) = -m**3 + 9*m**2 - 4*m - 10. List the prime factors of t(8).
2, 11
What are the prime factors of (-9 - 1)/(-2 - -1)?
2, 5
Suppose -15 = 3*q + 2*q, -727 = -4*i - 3*q. List the prime factors of i.
2, 23
Let t be (-1*10 + 0)/1. Let l = t + 15. Suppose -l = 4*z - 29. What are the prime factors of z?
2, 3
Let r(k) = k**3 - 11*k**2 - k + 13. Let c be r(11). Let i = c - -16. List the prime factors of i.
2, 3
Let h(i) = -i**3 + 8*i**2 + i - 13. List the prime factors of h(7).
43
Let q(c) be the third derivative of c**8/20160 + c**6/360 - c**5/60 + c**2. Let f(w) be the third derivative of q(w). List the prime factors of f(-3).
11
Suppose 0 = -4*s - z + 14, 5*s - 2 = -5*z + 8. Suppose 4*i = 8*i + 12, -2*i - 36 = -3*m. Suppose s*y = m + 2. What are the prime factors of y?
3
What are the prime factors of 3/(-12) + (-345)/(-20)?
17
Suppose 5*a - 4*r = 45, -2*a + a + 2*r = -15. Suppose -4*h - 29 = a*z, 2*h + 7 = 4*z - 5*z. What are the prime factors of h/(-2)*(-56)/(-7)?
2
Let g(a) = -2*a - 5. Let c be g(-4). Suppose -20 = 3*d + 2*d, -60 = -c*s + 3*d. What are the prime factors of s?
2
Suppose -47 = -g + 25. List the prime factors of g.
2, 3
Suppose 22*k = 21*k + 18. List the prime factors of k.
2, 3
Let l(d) = d**2 - 6*d + 3. Let v be l(6). Let t = -2 - v. Let w = t + 15. List the prime factors of w.
2, 5
Let b be 6*(0 - (-2)/4). Let i be (-3 - (-2 + 3))*1/(-2). Suppose i*f - 15 = -b*f. List the prime factors of f.
3
Let b(p) = p**3 - 7*p**2 + 6*p + 3. Let h be b(6). Suppose h*y - 9 = 42. What are the prime factors of y?
17
Suppose -372 = -2*t - 2*t. Suppose -r = -5*v + t, -3*v + 2*r = -2*v - 24. List the prime factors of v.
2, 3
List the prime factors of -2*(-32)/((-20)/(-5)).
2
Let q(h) = h**3 + 4*h**2 - 2*h - 3. List the prime factors of q(-3).
2, 3
Let l = -12 + 10. List the prime factors of l*(-6 + (1 - -3)).
2
Let d = 24 - 16. Let b(i) = 0*i - d + 0*i + 2*i. What are the prime factors of b(9)?
2, 5
Let k(f) = -f**3 - 22*f**2 - 25*f - 4. List the prime factors of k(-21).
2, 5
Let n(k) = 13*k**2 + 2. List the prime factors of n(3).
7, 17
Let z be ((-3)/(-9))/((-2)/(-12)). Suppose -z*u - 5*p + 14 = 0, 3*p - 13 = -2*u + 1. Let j = -3 + u. List the prime factors of j.
2
Let c = -5 - -75. What are the prime factors of c?
2, 5, 7
What are the prime factors of (-2)/7 + (-6495)/(-21)?
3, 103
What are the prime factors of (-36)/(-63) + 3170/14?
227
Let i = -4 + 8. Suppose 0 = 3*m + i*f - 18, 6*m - 3*m - 9 = -f. List the prime factors of m.
2
Let z(a) = 11*a**3 + a**2 - a. Let t be ((-6)/9)/(2/(-3)). List the prime factors of z(t).
11
Suppose -3*c + 1 = -5. Suppose -3*r + 20 = c*r. What are the prime factors of ((-14)/r - -3)*-22?
11
Let m(v) = -v**2 - 3*v + 4. Let q(h) = -9*h**2 - 24*h + 33. Let c(d) = 33*m(d) - 4*q(d). What are the prime factors of c(2)?
2, 3
Suppose -25 = -2*k - 3. List the prime factors of k.
11
Let f = 17 + -14. Suppose -f*u + 26 = -79. List the prime factors of u.
5, 7
Let h(t) = t**3 + 5*t**2 - 5*t + 8. Let b be h(-6). Suppose j - 4*s = 21, 4*s = -b*j + 1 - 7. Let l = 8 - j. List the prime factors of l.
3
Suppose 5*i = b - 18, -8 = i + b - 2. Let h be (0 - -1)*0/i. Suppose h = -3*x - v + 13 + 10, v - 17 = -2*x. What are the prime factors of x?
2, 3
Let y be 231/((-3)/12 + 1). List the prime factors of y/21 - 4/6.
2, 7
Let u(t) = t**3 - 2*t**2 + 1. Let v be u(2). Let c(g) = -g**2 - g - 4. Let k be c(-3). What are the prime factors of k*v*2/(-5)?
2
Suppose 119 - 309 = -5*k. Suppose -k = -7*t + 5*t. What are the prime factors of t?
19
Suppose 3*b - 27 = -12. Let n be 4/(b + (1 - 4)). Suppose 0 = 4*d + d - n*z - 80, 3*z = -3*d + 27. What are the prime factors of d?
2, 7
Suppose 3*k + 3 + 5 = 4*t, -3*k = 0. Suppose -t*n - n - 5*y = -25, 3*n - y + 5 = 0. List the prime factors of 9/(n + 1 + 0).
3
Let a = 4 + 0. Suppose -h = -4*y + 3, y - a*h + 18 = -0. Suppose 41 = 5*o + y*n - 33, 0 = -5*o - 5*n + 80. What are the prime factors of o?
2, 7
Suppose 2*m - 5*g + 3 + 0 = 0, -4*g + 36 = 4*m. Suppose -5*b = 4 + m. List the prime factors of (24/(-10))/b*5.
2, 3
Suppose 0 = -4*r + 1010 - 286. List the prime factors of r.
181
Let f be -7*(-2)/(-14)*-6. What are the prime factors of (f + -7)*(0 + -38)?
2, 19
Suppose 4*b - 284 = 5*g - 0*b, 0 = 5*g + 3*b + 277. List the prime factors of g/((-3 - 1) + 2).
2, 7
Suppose -5*s - 10 = -5*v, 3*s = -0*s + 2*v - 6. Let b(w) = w**3 + 7*w**2 + 2*w + 10. Let r be b(-7). Let c = s - r. List the prime facto